uppose 4*s - 2*u = -11 + 1, -2*u = -2*s - 10. Suppose s = y - 2*x - 1, 3*y + 3 = 6*y + 5*x. Calculate l(y).
-1
Let o(z) be the third derivative of -z**6/120 - z**5/10 - z**4/12 + z**3/3 - 12*z**2. Calculate o(-2).
-10
Let w(b) = 2*b. Let k = -7 - -9. What is w(k)?
4
Suppose -5*m - 5 = -6*m. Let j(n) be the second derivative of n**5/20 - n**4/3 - 2*n**3/3 - 7*n**2/2 + n. Determine j(m).
-2
Let v(j) = -7*j - 4. Let g(r) = 13*r + 7. Let h(l) = 3*g(l) + 5*v(l). Calculate h(1).
5
Let h(p) = 4*p**2 + 2*p - 2. Let c(f) = f**2 + 7*f - 2. Let z be c(-6). Let u = z + 9. Suppose u = t + 3. What is h(t)?
10
Suppose 0 = -d + 1. Let i(b) = d + 2*b - b + 16*b**2 - 14*b**2. Determine i(-1).
2
Let t(d) be the first derivative of 1/3*d**3 + 6*d + 2 - 3*d**2. Let p be 2/(-5) + 27/5. Determine t(p).
1
Let f(z) = -4*z + 2*z + 3*z - 3*z - 3. Let a = -6 + 3. Give f(a).
3
Suppose q - 4*q - 2*y = -10, -10 = -q - 4*y. Let a(g) = -4*g + 5*g + 3*g**q + g - g. Calculate a(1).
4
Let t = -9 + 16. Let f = -4 - -6. Let y(j) = -2*j + f*j + j + t. Give y(-5).
2
Let r(g) = 4*g + 8 + 2*g**3 - 3*g**3 - 5*g**2 + 3*g + 0*g. Determine r(-6).
2
Let f(o) = -o + 1. Suppose 2 = 3*w - 7. Calculate f(w).
-2
Let z(r) = -r**3 - 7*r**2 - 4*r + 5. Suppose 4*a + 27 = -f, 4*f = 4*a - 0*a + 12. Determine z(a).
-7
Let t(s) = -6*s**2 - 2*s - 1. Let l be t(-1). Let x(y) = -y + 4. Calculate x(l).
9
Let o(p) = 4*p**3 + 2*p**2 + 2*p + 1. Let n = 13 + -4. Suppose n*k = 4*k + 4*i - 5, 2*i = 0. Calculate o(k).
-3
Let c(f) = -f**3 + 4*f**2 - 4. Let t be c(3). Let g(q) = -2 - 1 + t + q**2 - 2*q. Let r be g(3). Let i(b) = b - 2. Give i(r).
3
Suppose z - 9 = 2*z + n, 0 = -3*n - 12. Let m(d) be the first derivative of 3*d**2 - 3 + 4*d + 2*d**3 + 1/4*d**4. Calculate m(z).
-1
Let m = -6 - -8. Let q(f) = 1 + 2 + 2*f + m*f**3 - 6 - 2*f**2. Let k = -4 + 6. Determine q(k).
9
Let w(j) = 8*j + 6. Let v(z) = -7*z - 6. Let m(x) = -7*v(x) - 6*w(x). What is m(-7)?
-1
Let p(a) be the first derivative of 5/2*a**2 - 2*a**3 + 1/4*a**4 + 4*a + 1. Give p(5).
4
Let f(q) be the first derivative of -q**2 - 3*q + 7 + 2/3*q**3. Calculate f(-2).
9
Let z = -8 - -16. Let v(l) = 17*l**3 - 3*l - 3. Let p(q) = -5*q - 5 + 10*q**3 + 22*q**3 + 0 - 6*q**3. Let d(g) = z*v(g) - 5*p(g). Determine d(-1).
-6
Let p(g) = -g**2 + 9*g - 2. Suppose -d - 15 = -k - 3*d, -3*d - 18 = -3*k. Give p(k).
-2
Suppose 3*u - 5 = t - 3*t, -3*t + 3*u = 0. Let q(b) be the third derivative of b**5/10 + 6*b**2. Determine q(t).
6
Let i be (-2 + 15/10 + 0)/(-12). Let u(p) be the third derivative of -p**2 + 0 + 0*p + 1/120*p**6 - i*p**4 + 1/2*p**3 + 1/30*p**5. Determine u(-3).
-3
Let j(y) = -y + 2*y - 2 + 5. Let b = 8 + -2. Calculate j(b).
9
Let c be 7/5 - (-12)/20. Suppose -7*q + c*q = -25. Let t(l) = l**2 - 8*l - 2. Let g(s) = -2*s**2 + 15*s + 4. Let m(h) = -3*g(h) - 5*t(h). Give m(q).
-2
Let f(m) = -4*m**3 + 5*m - 2. Let p(h) = 3*h**3 - h**2 - 4*h + 2. Let v(j) = 2*f(j) + 3*p(j). Give v(4).
10
Suppose 53 = 3*a + 5*x, 67 = 3*a + 4*x + 9. Let d = a - 6. Suppose -2*o - 2*o = -d. Let b(w) = w**2 - 3*w - 4. Calculate b(o).
6
Let i(q) be the first derivative of 5 - 1/3*q**3 - 3/2*q**2 + q. Determine i(-4).
-3
Let p(o) = -o**2 + 5*o. Suppose -5*j = -2*j. Let b(h) = h + 4. Let a be b(j). Suppose g = -a*g + 15. Determine p(g).
6
Let q(f) be the first derivative of f**3/3 + 4*f**2 + f - 19. Give q(-8).
1
Suppose 2*k + 3*k - 4*d - 32 = 0, 0 = 4*d + 12. Suppose -k*f - 4 = 2*c, -2*c - 11 = -3*f - 0*f. Let b(y) = -y - 1 + f. Determine b(0).
0
Let i(a) be the second derivative of 2*a**3/3 + 18*a. Let o(v) = -v - 2. Let h be o(-4). Let s be 0 - h/((-1)/1). Determine i(s).
8
Let f(d) be the third derivative of d**7/2520 + d**6/144 + d**5/24 - d**4/24 + 2*d**2. Let a(v) be the second derivative of f(v). What is a(-4)?
1
Suppose 2*c - 2 = x, -3*x + 2*c = 4*c + 14. Let l(u) = -u**3 - 4*u**2 - 3*u - 1. Calculate l(x).
11
Let t = 24 + -19. Let q(f) = 3*f + 2. Let s(z) = 2*z + 1. Let l(o) = 4*q(o) - 5*s(o). What is l(t)?
13
Let j(a) be the third derivative of a**3 + 1/60*a**5 + a**2 + 0*a + 1/3*a**4 + 0. Let c = -121 + 115. Determine j(c).
-6
Suppose -9 = 7*w - 4*w. Let y(g) = g**2 + 3*g + 1. What is y(w)?
1
Let w = 10 - 8. Let c(h) = 3*h - h + h + 4 + w. Give c(-4).
-6
Let p(r) be the second derivative of r**4/6 + 5*r**3/6 - r**2/2 + 2*r. Let c(o) = -o**3 - o - 1. Let w(k) = 2*c(k) + p(k). What is w(2)?
-5
Suppose 5*b + 0*b - 20 = 0. Let c(z) = -3 + 2 + b + z. Suppose 0*w + 2*w = 3*y + 18, y + 4 = 0. Determine c(w).
6
Let g(s) be the second derivative of 2*s**2 + 0 + 1/6*s**3 + 1/20*s**5 + 1/4*s**4 - s. What is g(-3)?
1
Let l(u) = u**2 - 3*u - 1. Let v(p) = 4*p**2 + 2*p**2 - 3*p - 2*p - p**3 + 0*p**2 + 3. Let s be v(5). Determine l(s).
-1
Let t = -2/77 + 235/154. Let h(r) be the second derivative of 0 - 1/2*r**3 - 1/12*r**4 + r + t*r**2. Determine h(-3).
3
Suppose 13 = 4*o - l, -2*o - 2*l + 1 = 3*l. Suppose o*j - 6 = -0*j. Let s(h) = -3*h**2 - 1. Give s(j).
-13
Let o be (7 - 1)*1/2. Suppose -o*m + 14 = -m. Suppose 3*q - 4*a = m - 30, -5*q - 4*a = 17. Let f(j) = -2*j - 4. Determine f(q).
6
Let g(n) be the second derivative of n**3/6 + 4*n**2 + 8*n. Give g(-9).
-1
Let l(d) = -4 - 4*d - 2*d**2 + 2*d + 7*d. Let c be l(2). Let b(v) be the first derivative of -v**2 - 3*v - 1. Give b(c).
1
Let h(w) = 12*w - 1. Let a be h(2). Suppose -a = -k - 2*k + 4*o, -2*k = -5*o - 20. Let q(u) = -9 - 8*u + 4*u + 0*u + 5*u. Give q(k).
-4
Let c(i) = i**2 + 6*i - 3. Suppose 3*y = r - 6 + 3, -5*r - 19 = 2*y. Give c(r).
-12
Suppose -4*z + 1 = -7. Let c be 0/(6/z + -2). Let h(l) = -l**3 - l**2 + l - 9. What is h(c)?
-9
Let u be ((-1)/2)/(3/(-90)*-3). Let h(r) = r**3 - 5*r**2 - 7*r. Let t be h(6). Let k(w) = -5*w. Let m(b) = -9*b. Let a(q) = t*m(q) + 11*k(q). Give a(u).
5
Suppose 3*l - 39 + 12 = 0. Let b = l - 8. Let w(h) = 17*h**2 - h + 7. Let q(r) = 18*r**2 - r + 8. Let n(y) = -6*q(y) + 7*w(y). Calculate n(b).
11
Let q(o) be the second derivative of 0 + 1/20*o**5 + 3/2*o**2 + 5*o - 2/3*o**3 + 1/4*o**4. What is q(2)?
15
Let b(p) = -p**3 - 5*p**2 - 5*p - 6. Let n be (-28)/6 + 1 - 30/90. What is b(n)?
-2
Let u(s) = -s**3 + 295*s - 598*s + 4 + 304*s + 8*s**2. Determine u(8).
12
Let r(a) = -26*a + 14. Let f(s) = 5*s - 3. Let v(k) = -16*f(k) - 3*r(k). Let b(o) = o + 2. Let g be b(3). Suppose g*j - j = 16. Give v(j).
-2
Let j be (4/6)/(2/6). Let o be 3/6 - (-9)/2. Let q(m) = 7 + m**3 + o*m + 4*m**3 + 6*m**2 - 4*m**3 - j. Determine q(-5).
5
Let w(z) = z**2 - 5*z + 2. Let i = 7 + -7. Suppose i*o = -3*o + 12. Calculate w(o).
-2
Let k(z) = z**3 + 6*z**2 - z + 7. Let j be k(-6). Let f = j - 9. Let w(s) = s**2 - 3*s - 5. Calculate w(f).
-1
Let x(p) be the second derivative of p**5/20 - 5*p**4/12 - p**3/3 + 3*p**2 - 23*p. Calculate x(5).
-4
Let c(m) = 11*m**3 - 7*m**2 - 6*m + 6. Let q(x) = -10*x**3 + 6*x**2 + 5*x - 5. Let b(n) = -5*c(n) - 6*q(n). Determine b(1).
4
Let f(g) be the third derivative of -g**6/360 + g**5/30 + g**4/8 + 3*g**2. Let v(o) be the second derivative of f(o). Calculate v(4).
-4
Let l(z) = -2*z**3 - z**2 + 2*z. Let x be l(1). Let h(r) = 5*r**2 - 1 - 5*r**2 + 2*r**3 - r**2 - 2*r. What is h(x)?
-2
Let q = -50 - -36. Let y(z) = 4*z + 7. Let s(w) = -w - 2. Let a(j) = q*s(j) - 4*y(j). Calculate a(-1).
2
Let p = -51 - -45. Let h(a) = -a**2 - 7*a + 7. Give h(p).
13
Let v(u) = 32*u - 15*u - 3*u**3 - 2*u**2 - 3*u**3 - 16*u. Let d be (-4)/14 - (-16)/7. Suppose 4*p - 8 = -4*n, p + 4 = 3*n + d. Calculate v(n).
-7
Suppose 0 = i - 1 + 4. Let q be -4*1/(i/3). Let a(o) = -2*o**3 - o**2 - 1 - q*o**3 + 5*o**3. Determine a(-2).
3
Suppose -4*u = -6*u - 2. Let y(j) = 1 + j**2 + j + 3 - 3. Determine y(u).
1
Let s(f) = -f**3 + 10*f**2 - 9*f - 6. Let w = 7 + 2. What is s(w)?
-6
Let x be 3/12 + 11/4. Suppose -x*z + 0*z = -15. Let v(w) = -w**3 + 4*w**2 + 7*w - 4. Give v(z).
6
Let r(c) = 2*c**2 - 2*c - 1. Let b be r(2). Let a(w) be the first derivative of w**3/3 - w**2 + 3*w + 14. Give a(b).
6
Suppose -q = 2*v - 15, -5*q + 2*q = -v - 38. Let h(s) = -s + 17. Calculate h(q).
4
Let x(h) = -h**2 - 4. Let q(m) = -m + 3. Let j be q(3). Give x(j).
-4
Let h = 36 + -39. Let a(y) be the second derivative of y**4/12 + y**3/2 - 3*y**2/2 + y. What is a(h)?
-3
Let l(o) = -o**2 - 1. Let m(q) = q**3 - 7*q**2 - q + 10. Let d be m(7). Suppose d*x = 